= 62307*s + 436123. Calculate n(-7).
-26
Let q(r) = 1048*r**2 - 6269*r - 111. What is q(6)?
3
Let f(s) = -s**3 - 6*s**2 + 288*s + 581. Determine f(-2).
-11
Let n(h) = h**3 - 500*h**2 - 476*h - 12534. Give n(501).
-9
Let h(c) = 50*c + 6209. Determine h(-100).
1209
Let k(z) = -z**2 - 245235*z - 1226146. Calculate k(-5).
4
Let r(l) = 121*l + 1049. Determine r(1).
1170
Let n(r) = -r**2 - 260*r - 3387. What is n(-246)?
57
Let j(r) = 199505*r + 598510. Determine j(-3).
-5
Let p(b) = -3*b**3 + 160*b**2 + 180*b - 3865. Give p(54).
23
Let l(f) = -f**2 + 227*f - 12490. Determine l(132).
50
Let n(f) = 9115*f - 9088. Give n(1).
27
Let b(z) = -z**2 + 4162*z - 53588. What is b(13)?
349
Let b(h) = -4502*h + 80865. Determine b(18).
-171
Let i(m) = -m**3 - 471*m**2 - 359*m + 52162. What is i(-470)?
-8
Let q(r) = -r**3 - 82*r**2 + 260*r + 440. What is q(-85)?
15
Let g(m) = -2*m**3 + 1411*m**2 + 5708*m + 36. Calculate g(-4).
-92
Let o(z) = z**2 - 111*z - 9726. Calculate o(-58).
76
Let x(l) = -98318*l - 8. What is x(0)?
-8
Let b(n) = 25108*n - 276181. Give b(11).
7
Let c(r) = -r**3 - 7*r**2 + 197*r - 1971. What is c(11)?
-1982
Let k(q) = q**3 - 242*q**2 - 568*q + 19217. What is k(244)?
-303
Let p(s) = 423*s + 658. Give p(4).
2350
Let l(d) = -d**3 - 41*d**2 + 1429*d - 1961. Give l(21).
706
Let r(b) = -b**3 - 39*b**2 - 405*b - 1271. Determine r(-7).
-4
Let h(b) = 3*b**2 + 349528*b + 3844442. Determine h(-11).
-3
Let h(n) = 2*n**3 + 67*n**2 - 923*n + 40. Calculate h(-44).
-4
Let t(s) = -s**2 - 2103*s - 742589. Give t(-449).
57
Let w(c) = 2*c**3 - 86*c**2 - 1322*c - 463. Give w(55).
-573
Let v(f) = 55634*f - 500723. What is v(9)?
-17
Let q(s) = -3831*s + 222145. Determine q(58).
-53
Let f(h) = 340*h + 2055. Determine f(-7).
-325
Let t(w) = -40*w**2 - 9951*w + 9953. Determine t(1).
-38
Let b(i) = 4*i**2 + 4333*i - 4333. What is b(1)?
4
Let u(q) = 95*q**2 + 1990*q + 1783. What is u(-20)?
-17
Let b(u) = -2973*u - 77671. What is b(-26)?
-373
Let m(h) = -h**3 - 146*h**2 - 5133*h + 49. What is m(-59)?
49
Let h(s) = 7*s**2 - 16*s - 352. Calculate h(14).
796
Let j(v) = 2*v**2 + 156*v + 2530. Calculate j(-53).
-120
Let u(g) = 84*g + 1645. What is u(-20)?
-35
Let k(p) = 6*p**3 - 12*p**2 - 218*p + 472. What is k(2)?
36
Let l(a) = 714*a**2 + 3155*a + 260. What is l(-4)?
-936
Let y(c) = -c**2 - 782*c - 10794. Calculate y(-14).
-42
Let d(j) = -24*j - 1231. Calculate d(-52).
17
Let d(v) = 7*v**3 - 205*v**2 + 16*v + 221. Calculate d(29).
-997
Let p(v) = 359*v - 18622. Calculate p(52).
46
Let x(y) = 113*y**3 + 120*y**2 + 47*y + 42. What is x(-1)?
2
Let z(k) = 17*k**3 + 4*k**2 - 28*k + 26. What is z(1)?
19
Let h(x) = -783*x - 165981. What is h(-212)?
15
Let b(o) = 5*o**3 + 1573*o**2 - 5425*o - 6107. Calculate b(-318).
-65
Let g(q) = -q**2 + 25821*q + 439236. What is g(-17)?
-10
Let s(d) = 16*d**2 - 3625*d + 2027. Give s(226).
-7
Let v(s) = -4*s**3 - 392*s**2 - 275*s + 11014. Determine v(-97).
53
Let a(u) = 15*u**2 - 77*u + 764. Give a(-8).
2340
Let d(b) = 240*b - 370. Determine d(1).
-130
Let n(d) = d**2 + 80*d + 497. Determine n(-26).
-907
Let d(f) = 5*f**3 + 115*f**2 + 548*f - 399. Calculate d(-8).
17
Let h(d) = d**3 + 44*d**2 + 457*d - 2586. Calculate h(4).
10
Let r(f) = -9*f**3 + 4*f**2 + 12*f - 7. What is r(3)?
-178
Let t(i) = -254*i - 6893. Calculate t(-30).
727
Let z(y) = 14423*y - 129995. What is z(9)?
-188
Let k(p) = -2*p**3 - 980*p**2 + 3845*p - 52849. Calculate k(-494).
9
Let b(d) = d**3 + 109*d**2 - 62*d - 6193. Determine b(-109).
565
Let r(f) = 22196*f + 66550. Determine r(-3).
-38
Let t(b) = -b**3 + 35*b**2 - 35*b - 871. What is t(33)?
152
Let c(w) = -w**2 - 307*w - 6136. What is c(-21)?
-130
Let c(n) = n**2 - 771*n + 146947. Calculate c(345).
-23
Let k(h) = -1440*h + 285169. Calculate k(198).
49
Let m(u) = -379*u + 24262. Determine m(64).
6
Let w(c) = -c**3 - 28*c**2 - 63*c + 282. Determine w(-28).
2046
Let m(c) = c**2 + 958*c + 15955. Calculate m(-17).
-42
Let a(k) = -3719*k - 12476. What is a(-4)?
2400
Let m(g) = 5*g**3 + 10*g**2 + 9*g + 15. What is m(-6)?
-759
Let v(o) = -o**3 - 12*o**2 - 30*o + 115. What is v(-13)?
674
Let i(x) = 1152351*x + 3457056. Give i(-3).
3
Let x(j) = -72*j**2 - 944*j - 1892. Calculate x(-2).
-292
Let r(m) = 2690*m - 559518. Give r(208).
2
Let k(o) = -6*o**2 - 4176*o + 103819. Determine k(24).
139
Let u(h) = -28*h**2 - 1282*h + 270. Give u(-46).
-6
Let s(u) = u**3 - 186*u**2 + 176*u + 1805. Give s(185).
140
Let l(r) = -r**2 + 323*r - 21520. What is l(94)?
6
Let l(x) = x**3 + 116*x**2 - 279*x - 4073. What is l(7)?
1
Let c(s) = -1190*s + 170776. Calculate c(142).
1796
Let h(s) = -4876*s - 726520. Determine h(-149).
4
Let n(s) = 6*s**2 - 1444*s - 12439. Determine n(249).
11
Let a(c) = 23*c**2 - 210*c + 35. Give a(9).
8
Let n(j) = 3*j**3 - 100*j**2 - 406*j - 107. Give n(37).
-70
Let n(w) = 13213*w - 4954917. Give n(375).
-42
Let v(t) = 65*t + 16354. Calculate v(-249).
169
Let j(x) = 2894*x**2 + 57860*x - 389. Give j(-20).
11
Let t(j) = j**2 - 13574*j + 891488. Calculate t(66).
-40
Let n(b) = -2900*b + 120204. Calculate n(41).
1304
Let p(a) = -a**3 + 5*a**2 + 2126*a + 33705. Calculate p(-22).
1
Let t(r) = -5620*r + 61658. Calculate t(11).
-162
Let v(j) = -532*j + 75835. Calculate v(144).
-773
Let o(t) = 2*t**3 + 53*t**2 + 250*t + 38. What is o(-5)?
-137
Let z(w) = -w**3 - 25*w**2 - 1009*w - 5366. Calculate z(-6).
4
Let t(d) = 24213*d + 944325. Calculate t(-39).
18
Let d(u) = -4*u**2 - 81*u - 619. Calculate d(-9).
-214
Let w(f) = -f**2 + 1847*f - 421817. Determine w(267).
43
Let o(x) = 2*x**3 + 13*x**2 - 203*x - 928. Determine o(-4).
-36
Let h(s) = -112*s**2 + 270*s - 49. Determine h(3).
-247
Let p(k) = -208*k + 81427. Determine p(392).
-109
Let v(g) = -13138*g + 459772. Determine v(35).
-58
Let a(g) = -2*g**2 - 694*g + 93. Give a(0).
93
Let z(f) = 138*f**2 - 10*f + 14. Calculate z(3).
1226
Let p(w) = 1293*w + 146. Determine p(-1).
-1147
Let g(x) = -18*x**2 + 932*x - 5047. What is g(6)?
-103
Let l(w) = 476*w + 1072. What is l(-3)?
-356
Let j(c) = -2*c**2 - 47*c + 31869. Calculate j(115).
14
Let z(j) = -j**3 + 17*j**2 + 73*j + 26. Give z(20).
286
Let h(i) = -2*i**3 - 285*i**2 + 173*i + 44722. Give h(-142).
-8
Let c(r) = -111363*r - 1336355. Give c(-12).
1
Let h(n) = n**2 + 26*n + 1160. Calculate h(-28).
1216
Let c(p) = 619*p + 35883. What is c(-58)?
-19
Let d(x) = 4*x**2 + 11760*x + 395208. Determine d(-34).
-8
Let y(g) = -g**3 - 83*g**2 + 39*g + 16. Determine y(0).
16
Let m(o) = 8802*o + 5262. Calculate m(-1).
-3540
Let u(r) = 928*r + 61072. Calculate u(-66).
-176
Let o(x) = 25842*x - 439368. Determine o(17).
-54
Let q(s) = 11817*s - 401786. Determine q(34).
-8
Let t(i) = 367*i + 104513. Calculate t(-285).
-82
Let t(k) = -k**2 - 26*k + 2187. What is t(-71)?
-1008
Let g(d) = -d**2 - 23826*d + 10183316. Determine g(420).
-4
Let d(i) = -12*i**2 + 1407*i + 7056. Give d(-5).
-279
Let u(d) = 63*d**2 - 374*d - 16. Determine u(6).
8
Let r(c) = c**2 - 70*c - 14297. What is r(-86)?
-881
Let n(u) = 322252*u**2 + 33191955*u - 105. Calculate n(-103).
-2
Let h(y) = 244*y**2 - 14380*y - 888. What is h(59)?
56
Let p(j) = j**3 + 1574*j**2 + 58409*j + 62956. Give p(-1536).
-20
Let q(x) = 470847*x + 22129806. Calculate q(-47).
-3
Let b(j) = 3*j**3 - 46*j + 58. Give b(0).
58
Let b(z) = 2238*z - 31351. Give b(14).
-19
Let g(m) = 33923*m - 3019141. Calculate g(89).
6
Let z(w) = 1253*w + 163294. Determine z(-130).
404
Let r(d) = 3*d**3 - 14*d**2 + 176*d - 650. Determine r(4).
22
Let k(d) = 55*d**2 + 182*d - 7. Calculate k(-4).
145
Let b(u) = u**2 + 366*u - 58565. Give b(-487).
362
Let l(k) = -k**3 - 25*k**2 - 23*k + 452. Determine l(-23).
-77
Let q(o) = 11*o**3 + 12*o**2 - 803*o + 21. Determine q(8).
-3
Let u(q) = 2*q**2 - 16850*q - 558213. Give u(-33).
15
Let v(j) = -55*j**2 - 72*j + 298. Give v(3).
-413
Let y(q) = -147*q - 2788. Determine y(-7).
-1759
Let a(l) = 1548*l + 625385. Determine a(-404).
-7
Let o(u) = -u**2 + 5934*u + 83271. Give o(-14).
-1
Let o(d) = -2*d**2 + 123*d - 97. Calculate o(61).
-36
Let y(c) = -c**2 - 69*c - 970. Determine y(-54).
-160
Let m(w) = -5*w**3 + 82*w**2 - 203*w + 470. Calculate m(14).
-20
Let y(n) = -n**3 + 106*n**2 - 2459*n - 1107. Calculate y(35).
-197
Let h(i) = i**3 + 53*i**2 - 12169*i + 1547. Calculate h(-140).
7
Let b(v) = -v*